at is the greatest common divisor of 40 and a?
8
Let u = -36 + 80. What is the greatest common factor of u and 22?
22
Suppose 3*s - 2*s = 56. What is the greatest common divisor of 7 and s?
7
Suppose 4*z - z = -n + 1, 0 = 3*z + 3. Let g be (-2)/(n/(-6) + 1). Let d be (25 - 4)/(g/(-8)). What is the highest common factor of d and 7?
7
Suppose 4*h = -h + 60. Suppose 5 = -2*n - 3*f - 4, -2*n + 3*f = -21. Calculate the greatest common divisor of n and h.
3
Let x(p) = p**2 + 5*p + 6. Let k be x(-5). Let n = -81 + 124. Let f = n + -31. Calculate the greatest common divisor of f and k.
6
Let q be (32 + -2)/(3/2). Let c be 15/4*(-24)/(-18). Calculate the greatest common factor of q and c.
5
Suppose t + 0*l - 4*l - 28 = 0, -3*t = -l - 40. What is the greatest common factor of 32 and t?
4
Suppose t = 2*d + 1, -t = -4*t + 3*d + 3. Let a be ((-2)/6)/(t/(-18)). Calculate the highest common divisor of 24 and a.
6
Suppose m = -3*v - m + 71, 0 = -3*m - 6. Let u = 27 + -11. Suppose u = 5*j - 9. What is the greatest common divisor of v and j?
5
Suppose 3*b - 165 = -2*b. Suppose 2*t - 2*z + 15 - 55 = 0, 0 = -4*t - 5*z + 98. Calculate the greatest common factor of t and b.
11
Let s = -205 - -603. Let n be 1/(s/198 - 2). Let b be (2*-3)/((-4)/6). Calculate the highest common divisor of n and b.
9
Let y = 47 + -79. Let k = -2 - y. Calculate the greatest common factor of 10 and k.
10
Let v(t) = t**3 - 7*t**2 + 2*t + 3. Let r be v(7). Suppose 943 = 5*i - 4*u, -i - 5*u + 551 = 2*i. Calculate the greatest common divisor of i and r.
17
Suppose -2*q + 8 = 0, 2*q - 101 = -c - 2*q. Calculate the greatest common divisor of c and 34.
17
Let b(t) = -4*t - 38. Let v be b(-15). Calculate the greatest common divisor of v and 22.
22
Let b = 133 + -100. Calculate the highest common factor of b and 44.
11
Let k(m) = 12*m**2 - m. Let a be k(1). What is the highest common divisor of a and 11?
11
Suppose -4*q + 97 = -71. What is the greatest common factor of 28 and q?
14
Let k = 11 + 4. Suppose 3*b - 190 = -0*b + 5*d, 62 = b - d. Calculate the highest common divisor of k and b.
15
Let o(l) = 2*l - 2. Let g be o(4). Let u be ((-4)/g)/(2/(-21)). Let r = u - -2. What is the highest common divisor of 9 and r?
9
Suppose 9*d - 175 = 419. Calculate the highest common factor of d and 22.
22
Let q be (-12)/8*92/6*-1. Calculate the highest common factor of 46 and q.
23
Let f = 0 + 3. Let y be (f/(-9))/((-1)/3). Calculate the highest common divisor of 1 and y.
1
Suppose v = -6*v + 91. Let n(h) = -75*h**2 - 1. Let l be n(1). Let o = l + 141. Calculate the highest common divisor of v and o.
13
Suppose 5*h - 4*h = 0. Let v = 5 - h. What is the greatest common divisor of v and 1?
1
Let d(z) = -46*z - 23. Let t(w) = -15*w - 8. Let i(h) = 2*d(h) - 7*t(h). Let b be i(11). What is the highest common divisor of b and 17?
17
Suppose x = 3*j + 218, 5*j = -3*x + 3*j + 698. Calculate the greatest common divisor of x and 46.
46
Let s = 6 - 18. Suppose 0 = -5*f + 4*f - 7. Let h = f - s. What is the highest common factor of 15 and h?
5
Let k(r) = r + 0*r + 3*r + 0*r - 7. Let u be k(6). Suppose -1 = -3*p + u. Calculate the highest common divisor of 48 and p.
6
Suppose 3*n + 16 = -n, 4*n = 3*b - 19. What is the greatest common factor of b and 2?
1
Let k(u) = -u**2 + 4*u + 4. Let d be k(4). Let y(g) = 3*g**2 - 2*g + 7. Let p be y(3). What is the highest common divisor of d and p?
4
Let z = -17 + 47. What is the highest common divisor of 12 and z?
6
Let n = 8 - 176. Let u = n + 324. Let r(j) = 27*j**2 + j. Let o be r(-1). What is the highest common factor of o and u?
26
Suppose 18 = 4*y - m + 78, 2*m = 0. Let s = y + 21. Calculate the highest common factor of 6 and s.
6
Let d = -25 - -37. What is the highest common factor of 96 and d?
12
Let y be ((-12)/10)/(2/(-20)). Let z = -8 - -8. Suppose z*k + y = 2*k. Calculate the greatest common factor of 36 and k.
6
Let l be ((-9)/15)/((-2)/10). Let d be (-1)/(2 + 26/(-12)). Calculate the highest common divisor of d and l.
3
Suppose 0 = -2*n + n + 23. Suppose h = -h + 8. Suppose 5*c - 44 = -y + n, -2*c + 18 = -h*y. Calculate the greatest common factor of c and 13.
13
Let c = 0 - -13. Let t be (-1)/(-4) - (-204)/16. What is the highest common factor of c and t?
13
Suppose -2*w = -3*z + 358, 3*z - 876 = 5*w + 5*z. Let b = w + 261. What is the highest common divisor of 17 and b?
17
Let r(t) = -t**3 - 2*t**2 - t - 3. Suppose 7*u = 2*u - 20. Let c be r(u). What is the greatest common factor of 11 and c?
11
Let v = -60 + 25. Let r = v + 49. What is the highest common factor of 21 and r?
7
Let i be (-190)/(-8) - (-5)/20. Suppose 2*b = i + 2. Suppose -n - 65 = -6*n. Calculate the greatest common divisor of b and n.
13
Let j(c) = -20*c - 16. Let o be j(-1). What is the highest common divisor of o and 44?
4
Let l(z) = z**2 + 11*z + 10. Let a be l(-10). Suppose 5*g = 3*y + 46, -g + 3*y - 7*y = a. What is the greatest common factor of g and 8?
8
Let k(h) = -20*h - 2. Let b be k(-5). Suppose -2*x + 6*n + 19 = 3*n, -x + 3*n + 5 = 0. Calculate the greatest common factor of b and x.
14
Suppose 5*v - v - 2*n - 14 = 0, 2*n = -v + 11. What is the highest common divisor of 40 and v?
5
Let b(f) = f + 13. Let i be b(-6). Calculate the greatest common divisor of 77 and i.
7
Let o(s) = -7*s**3 + 2*s**2 + 2*s. Let z be o(-1). What is the highest common factor of 14 and z?
7
Let x be 64 - (0 + 2/(-1)). Suppose -5*l + 99 = -3*h - 14, -5*l + 4*h = -114. Calculate the highest common factor of x and l.
22
Let z(l) = l + 2. Let w be z(4). Let u be 19 - 1 - (-5)/(15/(-9)). Calculate the highest common factor of w and u.
3
Suppose 20 = 2*u - 20. Let r = 175 + -95. What is the greatest common divisor of u and r?
20
Suppose 5*l = -3*n + 629, -2*l + 0*l = -2*n + 414. What is the highest common factor of 16 and n?
16
Suppose -75 = -3*b + x, -b = 4*x - 0*x - 25. What is the greatest common factor of b and 75?
25
Suppose 2*c + 2 = 4*c. Let u be (18/(-12))/(c/(-66)). What is the greatest common divisor of 9 and u?
9
Let f(n) = 2*n**2 + 12*n + 20. Let b be f(-10). Calculate the greatest common divisor of 25 and b.
25
Suppose 4*g - 99 - 33 = 0. What is the highest common divisor of 165 and g?
33
Suppose 0 = -4*t - 8, -b - 5*t + 2*t = 1. Let k = -4 + 9. What is the greatest common factor of b and k?
5
Let h be -8 + 5 - (-2 - -1). Let x = 18 - h. Calculate the highest common divisor of x and 220.
20
Let i(b) = 11*b**2 - 12*b - 14. Let x be i(6). Let w = -11 - -340. Suppose 2*z - x - 97 = -5*c, 4*c = -5*z + w. What is the highest common divisor of c and 9?
9
Suppose 3*u = 8*u - 25. Calculate the greatest common factor of u and 5.
5
Let p = 49 - 31. Suppose -37 = -4*y - 1. Suppose -5*b - y = 5*q - 4, -b = -q + 5. What is the highest common factor of q and p?
2
Let z = 39 + -20. What is the greatest common divisor of 209 and z?
19
Let u be (9/4)/((-13)/(-104)). What is the highest common divisor of 198 and u?
18
Let t be (-1)/((2/(-1))/12). Let u(g) = g**3 - 4*g**2 - 7*g - 6. Let n be u(t). Calculate the greatest common factor of n and 16.
8
Suppose -2*f = u - 7, 3*f + u = -2*f + 10. Let y(j) = 25*j + 1. Let z be y(f). Calculate the highest common factor of 13 and z.
13
Let i = 10 - 3. Suppose -l = -i - 2. Suppose g - 2*g = -45. What is the highest common divisor of g and l?
9
Suppose 0 = 3*r - 2*a - 3*a - 10, r = -a + 14. Let f be -1 + 1 + 0 + r. Calculate the highest common divisor of f and 40.
10
Suppose 5*i + 75 = 6*i. Suppose -90 = -5*n - 4*q, 2*q - i = -5*n + q. What is the highest common divisor of 2 and n?
2
Let j be 0 - (1 + -1) - -30. Let w be (-6)/2 + (-56)/(-7). Suppose y - 2 - 4 = -3*f, 3*f - 66 = -w*y. Calculate the greatest common factor of j and y.
15
Let k(a) = 7*a + 7. Let i(x) = 6*x + 6. Let q(m) = -4*i(m) + 3*k(m). Let r be q(-2). What is the highest common factor of r and 3?
3
Let l be (-1 + 2)/((-1)/(-14)). Let d = l + 0. Suppose -43 = -4*m + b + 177, 0 = 4*m + 5*b - 244. Calculate the greatest common divisor of m and d.
14
Let n(m) = m**3 - m + 17. Suppose 0 = j + 3, -j - 3*j - 7 = -5*f. Let o be 1/(-1) + f/(-1). Let x be n(o). Calculate the highest common factor of 187 and x.
17
Suppose 3 = -h, -3*f - h = 2*h - 159. Calculate the highest common factor of f and 8.
8
Let h(q) be the second der